t + 14, 4*g - 4*t - 1 - 3 = 0. List the prime factors of ((-8)/g)/(2/3).
2, 3
Let v(m) = m**2 - 7*m - 4. Let i be v(8). Suppose -f = -i*f + 18. List the prime factors of f.
2, 3
Suppose 5*m - 18 = 27. What are the prime factors of m?
3
Suppose 8*v - 240 = 136. What are the prime factors of v?
47
Suppose -93 = k - 3*k - 5*f, -113 = -2*k - f. What are the prime factors of k?
59
List the prime factors of (-6)/15 - (-426)/15.
2, 7
Let o be ((-3)/4)/(2/56). Let h = -14 - o. What are the prime factors of h?
7
Suppose f = -3*f - 172. List the prime factors of 3 + (6/(-3) - f).
2, 11
Suppose 0 = 3*b - 3*j - 207, -141 = -4*b - 4*j + 135. Let f = -47 + b. List the prime factors of f.
2, 11
Suppose 0 = 2*j - 10, -3*b + 6*j + 697 = 2*j. List the prime factors of b.
239
Let u(b) = -6*b**3 - 2*b**2 + 1. Let m be u(-1). Suppose x = -m*w + 37, -2*w - 2*w = 5*x - 269. Suppose -x = -n - 2*n. List the prime factors of n.
19
Suppose -5*k = -3*z - 2*k + 39, 3*z + 3*k = 21. Suppose -8*q + 30 = -3*q. Let w = z - q. What are the prime factors of w?
2
Suppose 2*u = -2*a + 14, 3*a - u + 0 = 5. Let h = 21 + -18. Suppose v = a*l + 2, h*v + 2*l - 13 = 4*l. What are the prime factors of v?
5
Let n be 0/(-1)*(-1)/2. Let p = 1 - n. Suppose -3*r + p = 4*v, 0*r + 2*v + 7 = r. List the prime factors of r.
3
Suppose 6*y - 223 - 59 = 0. List the prime factors of y.
47
Suppose 0*p - 4*p = -2*s - 8, -4 = -p + s. Suppose p = n + 1, 4*v - 3*n - 60 = -13. What are the prime factors of v?
11
Suppose 6*a = 261 - 9. List the prime factors of a.
2, 3, 7
Let u be 0/(1/(2/(-6))). Let t(m) = -m**2 + 3. Let a be t(u). List the prime factors of ((-20)/a)/(2/(-6)).
2, 5
Suppose -46 - 62 = -3*l. What are the prime factors of l?
2, 3
Let s(z) = -z**3 + 6*z**2 - 2*z + 7. List the prime factors of s(4).
31
Suppose 1218 = 6*k + k. List the prime factors of k.
2, 3, 29
Let u(m) = 5*m**3 + m**2. Let v be u(1). Let z = 6 - v. Suppose z = -q + 3, -t + 17 = -0*t + 4*q. What are the prime factors of t?
5
Let h(a) be the first derivative of a**3 + a**2 - a + 7. What are the prime factors of h(2)?
3, 5
Let u = 208 - 134. Suppose -4*t + 46 = 4*m - u, -4*m = -3*t + 97. List the prime factors of t.
31
Let o = -1 + 5. Suppose 88 = -0*l + o*l. List the prime factors of 10/55 + 40/l.
2
Suppose -5*j + 25 = 0, -3*i + 0*i = 4*j + 28. Let z = -11 - i. List the prime factors of z.
5
Suppose 4*z - 4 = -32. Let k = z - 5. Let w = k - -17. What are the prime factors of w?
5
Let r(f) = 3*f + 14. List the prime factors of r(-2).
2
Let i = 7 + 130. List the prime factors of i.
137
Suppose z + 6 = r, z - 3*r + 8*r - 12 = 0. Let l = 6 + z. What are the prime factors of l?
3
Let d(f) = f**3 - 5*f**2 + 2*f + 2. Let k be d(2). Let x = k - -5. Let i = x + 4. List the prime factors of i.
3
Let d be (12/(-5))/((-33)/110). Suppose 0 = 2*q + 3*m - 26, 0 = -4*q + m - d + 88. What are the prime factors of q?
19
Suppose -5*l = 3*q - 113, -41 = -q - 0*q - 5*l. What are the prime factors of q?
2, 3
Let y(f) = 2*f**2 + 2*f - 2. What are the prime factors of y(-3)?
2, 5
Let v(x) = -x**3 - 6*x**2 - 7*x + 1. What are the prime factors of v(-6)?
43
Suppose 162 + 62 = -4*s. Let y = -19 - s. What are the prime factors of y?
37
Suppose -5*o - 5*j = -55, j - 2 = 3*o - 3*j. Suppose -6 = 2*i + v, 3 = -i + v - o. Let q = -3 - i. What are the prime factors of q?
2
What are the prime factors of ((-24)/20)/(14/(-875))?
3, 5
Let b(i) = -i**3 - 12*i**2 + 3. What are the prime factors of b(-12)?
3
Suppose -2*x - 90 = -5*x. List the prime factors of x.
2, 3, 5
Suppose 4*z = 2*g - 4, -2*z = -4*g - 6*z + 8. Suppose g*k = -f + 31, -k - 3*k = -2*f + 86. List the prime factors of f.
37
Let s be -10 - (-1 + 0 + -1). Let q be ((-40)/4)/(2/4). What are the prime factors of (-17)/(-5) - s/q?
3
Suppose -10*m + 141 + 9 = 0. List the prime factors of m.
3, 5
Let x(z) = -z**3 - 12*z**2 + 10*z + 17. What are the prime factors of x(-13)?
2, 7
Suppose -2*y + 69 = -7. Suppose 2*h = -0*h - 4*d - y, 49 = -3*h - 2*d. Let l = 22 + h. What are the prime factors of l?
7
Let f(u) = u**2 + 6*u - 13. List the prime factors of f(-9).
2, 7
Let j(w) = 2*w**2 + 6*w - 7. Let i(q) = -q**2. Let k(p) = 3*i(p) + j(p). Let r be k(5). What are the prime factors of 2/(r - (-18)/8)?
2
Let k = 47 - 20. What are the prime factors of k?
3
Let t = -14 + 49. Suppose -t = -7*q + 2*q. What are the prime factors of q?
7
What are the prime factors of (8/6 + -1)*114?
2, 19
Let k be (-12)/8*10/(-3). Suppose -k*g = -g - 20. List the prime factors of g.
5
Suppose 2*v = -5*g + 11, -g + 0*v + 13 = -5*v. Let a = 8 - 1. Suppose -a = 2*o - g*o. List the prime factors of o.
7
Suppose -11 = -3*g - a, 3*g - 5*a = 2*g - 23. Suppose 5*k - 5*p + 0*p - 30 = 0, -2*p - g = 3*k. Suppose -k*t - 6 = -20. List the prime factors of t.
7
Let g(s) = -s**3 - 13*s**2 - 11*s + 17. Let l be g(-12). List the prime factors of (16/5)/(1/l).
2
Let y(w) = 237*w + 3. Let r be y(6). List the prime factors of 4/14 - r/(-35).
41
Suppose -130 = -5*o - 4*d, -5*o + 0*d = 5*d - 130. Let p(a) = a**2 - 16*a - 2. Let l be p(15). Let v = o + l. What are the prime factors of v?
3
Let c(q) = 3*q**2 + q**3 + 0*q + 4*q + 2 - 8*q**2. What are the prime factors of c(5)?
2, 11
Suppose 3*y = r + 66, 101 = -y + 5*y + 3*r. What are the prime factors of y?
23
Let d be (-39)/9 - (-6)/(-9). Let r(w) = 3*w**2 - w**2 + 3*w - w**2. List the prime factors of r(d).
2, 5
Let k = 8 - 6. Let g(w) = -5*w - w**3 + 5*w + 2 + 7*w**k + 8*w. List the prime factors of g(8).
2
Let h be (5 - 2)/((-2)/(-2)). Let t(l) be the first derivative of l**4/2 - 5*l**3/3 + 3*l**2/2 - 2*l - 3. What are the prime factors of t(h)?
2
Suppose 2*l = -3*u + 844, 3*l - 3 - 3 = 0. List the prime factors of u.
2, 5, 7
Let z = -3 - -6. List the prime factors of (0 - -3)/z*20.
2, 5
Suppose 23 = -j - 3*c, 42 = -2*j - 4*c - 4. Let t = 37 + j. What are the prime factors of t?
2, 7
Let k(x) = 2*x - 17. What are the prime factors of k(14)?
11
Let i be -2 - (-2 + -3) - 2. Suppose i = u - 19. List the prime factors of u.
2, 5
Suppose 0*s + s = -2*u + 9, 0 = -4*u + 5*s + 25. List the prime factors of u.
5
Let k(h) = -h**2 - 6*h + 11. Let m be k(-8). Let w = m - -9. Suppose -5*q = p - 40, 9*p = w*p. What are the prime factors of q?
2
Let g(b) = 3*b**2 - 12*b - 2. List the prime factors of g(9).
7, 19
Let g(w) = -15*w - 51. Let h be (-1)/((-10)/(-4) + -2). Let l(s) = -3*s - 10. Let z(t) = h*g(t) + 11*l(t). What are the prime factors of z(-7)?
13
Suppose -v = 2*m - 31, -5*m + 4*v = -0*m - 84. Suppose -m = -2*f - 2*f. Suppose f*b - 2*l - 4 - 2 = 0, 4*l = 2*b + 12. List the prime factors of b.
2
Let h be (38/(-4))/((-3)/(-12)). List the prime factors of 12/30 - h/5.
2
Let q be (6 + -22)/(0 - 2). Suppose -52 = -q*w + 4*w. List the prime factors of w.
13
Let b = -6 + 4. Let c be 1/2*(-2 - b). Suppose -4*k - t + 7 = 0, -5*t - 6 + 1 = c. List the prime factors of k.
2
Suppose 12*o - 70 = 11*o. List the prime factors of o.
2, 5, 7
Let v(f) = -2*f + 172. List the prime factors of v(0).
2, 43
Let m(f) = 6*f + 11. Let r be m(-8). Let j = -20 - r. What are the prime factors of j?
17
Let m(n) = n**3 + 10*n**2 - 15*n - 5. List the prime factors of m(-11).
3, 13
Let n(x) = 38*x**2 - x + 1. What are the prime factors of n(1)?
2, 19
Suppose 3*v - 60 = -2*x, 3*x + v + 2*v = 90. Let l be 2/5 - (-4)/(-10). Suppose l*q + x = 3*q. List the prime factors of q.
2, 5
Let s(k) = k**3 - 4*k**2 + 5. Suppose -4*q + 4 = -2*o, -2*q + 5*q - 4*o = 8. Let g be (q - -4)*(4 - 3). What are the prime factors of s(g)?
5
Let i = -27 - -43. Let w = -11 + i. List the prime factors of w.
5
Suppose r - y - 2 = -0*y, 2*y = -5*r + 10. Suppose r*h + 28 = 6*h. Suppose u - h = 11. What are the prime factors of u?
2, 3
Let h = -41 - -191. What are the prime factors of h?
2, 3, 5
Suppose 127 - 13 = 3*c. Suppose -c = -0*i - 2*i. What are the prime factors of i?
19
Suppose 182 = 10*u - 3*u. What are the prime factors of u?
2, 13
Let y(q) = -4*q**2 + 9*q - 2. Let z(d) = -5*d**2 + 10*d - 3. Let c(h) = 4*y(h) - 3*z(h). List the prime factors of c(5).
2, 3
Let o = -1 + 6. Suppose -5*u + 20 = -o*x - 0, -20 = -5*u - 3*x. Let r = u + -2. List the prime factors of r.
2
Suppose -4*a + 76 = -m, -4*a - 4*m = 6 - 62. Let h(b) = b**2 - 6*b + 1. Let j be h(4). Let r = a +